{"id":9836,"date":"2025-07-09T11:55:23","date_gmt":"2025-07-09T09:55:23","guid":{"rendered":"https:\/\/janert.info\/?page_id=9836"},"modified":"2025-07-10T09:04:27","modified_gmt":"2025-07-10T07:04:27","slug":"children-with-ace-in-daycare-centers","status":"publish","type":"page","link":"https:\/\/janert.info\/en\/kinder-mit-ass-in-kitas\/","title":{"rendered":"Children with ASD in daycare centers"},"content":{"rendered":"<p>[et_pb_section fb_built=&#8220;1&#8243; _builder_version=&#8220;4.27.4&#8243; _module_preset=&#8220;default&#8220; global_colors_info=&#8220;{}&#8220;][et_pb_row _builder_version=&#8220;4.27.4&#8243; _module_preset=&#8220;default&#8220; global_colors_info=&#8220;{}&#8220;][et_pb_column type=&#8220;4_4&#8243; _builder_version=&#8220;4.27.4&#8243; _module_preset=&#8220;default&#8220; global_colors_info=&#8220;{}&#8220;][et_pb_text _builder_version=&#8220;4.27.4&#8243; _module_preset=&#8220;default&#8220; hover_enabled=&#8220;0&#8243; sticky_enabled=&#8220;0&#8243;]<\/p>\n<h1><strong>Kinder mit ASS oder Autismusdiagnose im Offenen Konzept in KiTas<\/strong><\/h1>\n<p><strong>Sibylle Janert im Interview mit Sabine Reiber<\/strong>, Inklusionsfachkraft\/ Kita S-Plus, Stuttgart,<span>\u00a0<\/span><strong>8.5.2025<\/strong><strong><\/strong><\/p>\n<p>In diesem Interview (ca 45 Minuten) gibt Sibylle Janert Tipps und beschreibt, wie Mitarbeiter in Kitas und anderen Einrichtungen Kinder mit autistisch-\u00e4hnlichen Verhaltensweisen oder Autismusdiagnosen besser verstehen und in ihrer Entwicklung unterst\u00fctzen k\u00f6nnen.\u00a0 \u00a0<\/p>\n<p>[\/et_pb_text][et_pb_code _builder_version=&#8220;4.27.4&#8243; _module_preset=&#8220;default&#8220; global_colors_info=&#8220;{}&#8220;]<\/p>\n<div style=\"left: 0; width: 100%; height: 0; position: relative; padding-bottom: 56.338%;\"><iframe src=\"https:\/\/player.vimeo.com\/video\/1082507684?app_id=122963\" style=\"top: 0; left: 0; width: 100%; height: 100%; position: absolute; border: 0;\" allowfullscreen scrolling=\"no\" allow=\"encrypted-media *;\"><\/iframe><\/div>\n<p>[\/et_pb_code][\/et_pb_column][\/et_pb_row][\/et_pb_section]<\/p>\n<span class=\"et_bloom_bottom_trigger\"><\/span>","protected":false},"excerpt":{"rendered":"<p>Kinder mit ASS oder Autismusdiagnose im Offenen Konzept in KiTas Sibylle Janert im Interview mit Sabine Reiber, Inklusionsfachkraft\/ Kita S-Plus, Stuttgart,\u00a08.5.2025 In diesem Interview (ca 45 Minuten) gibt Sibylle Janert Tipps und beschreibt, wie Mitarbeiter in Kitas und anderen Einrichtungen Kinder mit autistisch-\u00e4hnlichen Verhaltensweisen oder Autismusdiagnosen besser verstehen und in ihrer Entwicklung unterst\u00fctzen k\u00f6nnen.\u00a0 \u00a0<\/p>","protected":false},"author":6,"featured_media":0,"parent":0,"menu_order":0,"comment_status":"closed","ping_status":"closed","template":"","meta":{"_acf_changed":false,"_et_pb_use_builder":"on","_et_pb_old_content":"","_et_gb_content_width":"","footnotes":""},"class_list":["post-9836","page","type-page","status-publish","hentry"],"acf":[],"yoast_head":"<!-- This site is optimized with the Yoast SEO plugin v27.3 - https:\/\/yoast.com\/product\/yoast-seo-wordpress\/ -->\n<title>Kinder mit ASS in KiTas - Autistische Kinder<\/title>\n<meta name=\"robots\" content=\"index, follow, max-snippet:-1, max-image-preview:large, max-video-preview:-1\" \/>\n<link rel=\"canonical\" href=\"https:\/\/janert.info\/en\/children-with-ace-in-daycare-centers\/\" \/>\n<meta property=\"og:locale\" content=\"en_US\" \/>\n<meta property=\"og:type\" content=\"article\" \/>\n<meta property=\"og:title\" content=\"Kinder mit ASS in KiTas - Autistische Kinder\" \/>\n<meta property=\"og:description\" content=\"Kinder mit ASS oder Autismusdiagnose im Offenen Konzept in KiTas Sibylle Janert im Interview mit Sabine Reiber, Inklusionsfachkraft\/ Kita S-Plus, Stuttgart,\u00a08.5.2025 In diesem Interview (ca 45 Minuten) gibt Sibylle Janert Tipps und beschreibt, wie Mitarbeiter in Kitas und anderen Einrichtungen Kinder mit autistisch-\u00e4hnlichen Verhaltensweisen oder Autismusdiagnosen besser verstehen und in ihrer Entwicklung unterst\u00fctzen k\u00f6nnen.\u00a0 \u00a0\" \/>\n<meta property=\"og:url\" content=\"https:\/\/janert.info\/en\/children-with-ace-in-daycare-centers\/\" \/>\n<meta property=\"og:site_name\" content=\"Autistische Kinder\" \/>\n<meta property=\"article:modified_time\" content=\"2025-07-10T07:04:27+00:00\" \/>\n<meta name=\"twitter:card\" content=\"summary_large_image\" \/>\n<script type=\"application\/ld+json\" class=\"yoast-schema-graph\">{\"@context\":\"https:\\\/\\\/schema.org\",\"@graph\":[{\"@type\":\"WebPage\",\"@id\":\"https:\\\/\\\/janert.info\\\/kinder-mit-ass-in-kitas\\\/\",\"url\":\"https:\\\/\\\/janert.info\\\/kinder-mit-ass-in-kitas\\\/\",\"name\":\"Kinder mit ASS in KiTas - Autistische Kinder\",\"isPartOf\":{\"@id\":\"https:\\\/\\\/janert.info\\\/#website\"},\"datePublished\":\"2025-07-09T09:55:23+00:00\",\"dateModified\":\"2025-07-10T07:04:27+00:00\",\"breadcrumb\":{\"@id\":\"https:\\\/\\\/janert.info\\\/kinder-mit-ass-in-kitas\\\/#breadcrumb\"},\"inLanguage\":\"en-US\",\"potentialAction\":[{\"@type\":\"ReadAction\",\"target\":[\"https:\\\/\\\/janert.info\\\/kinder-mit-ass-in-kitas\\\/\"]}]},{\"@type\":\"BreadcrumbList\",\"@id\":\"https:\\\/\\\/janert.info\\\/kinder-mit-ass-in-kitas\\\/#breadcrumb\",\"itemListElement\":[{\"@type\":\"ListItem\",\"position\":1,\"name\":\"Startseite\",\"item\":\"https:\\\/\\\/janert.info\\\/\"},{\"@type\":\"ListItem\",\"position\":2,\"name\":\"Kinder mit ASS in KiTas\"}]},{\"@type\":\"WebSite\",\"@id\":\"https:\\\/\\\/janert.info\\\/#website\",\"url\":\"https:\\\/\\\/janert.info\\\/\",\"name\":\"Autistische Kinder\",\"description\":\"beziehungs-orientiert behandeln\",\"potentialAction\":[{\"@type\":\"SearchAction\",\"target\":{\"@type\":\"EntryPoint\",\"urlTemplate\":\"https:\\\/\\\/janert.info\\\/?s={search_term_string}\"},\"query-input\":{\"@type\":\"PropertyValueSpecification\",\"valueRequired\":true,\"valueName\":\"search_term_string\"}}],\"inLanguage\":\"en-US\"}]}<\/script>\n<!-- \/ Yoast SEO plugin. -->","yoast_head_json":{"title":"Children with ASD in daycare centers - Autistic children","robots":{"index":"index","follow":"follow","max-snippet":"max-snippet:-1","max-image-preview":"max-image-preview:large","max-video-preview":"max-video-preview:-1"},"canonical":"https:\/\/janert.info\/en\/children-with-ace-in-daycare-centers\/","og_locale":"en_US","og_type":"article","og_title":"Kinder mit ASS in KiTas - Autistische Kinder","og_description":"Kinder mit ASS oder Autismusdiagnose im Offenen Konzept in KiTas Sibylle Janert im Interview mit Sabine Reiber, Inklusionsfachkraft\/ Kita S-Plus, Stuttgart,\u00a08.5.2025 In diesem Interview (ca 45 Minuten) gibt Sibylle Janert Tipps und beschreibt, wie Mitarbeiter in Kitas und anderen Einrichtungen Kinder mit autistisch-\u00e4hnlichen Verhaltensweisen oder Autismusdiagnosen besser verstehen und in ihrer Entwicklung unterst\u00fctzen k\u00f6nnen.\u00a0 \u00a0","og_url":"https:\/\/janert.info\/en\/children-with-ace-in-daycare-centers\/","og_site_name":"Autistische Kinder","article_modified_time":"2025-07-10T07:04:27+00:00","twitter_card":"summary_large_image","schema":{"@context":"https:\/\/schema.org","@graph":[{"@type":"WebPage","@id":"https:\/\/janert.info\/kinder-mit-ass-in-kitas\/","url":"https:\/\/janert.info\/kinder-mit-ass-in-kitas\/","name":"Children with ASD in daycare centers - Autistic children","isPartOf":{"@id":"https:\/\/janert.info\/#website"},"datePublished":"2025-07-09T09:55:23+00:00","dateModified":"2025-07-10T07:04:27+00:00","breadcrumb":{"@id":"https:\/\/janert.info\/kinder-mit-ass-in-kitas\/#breadcrumb"},"inLanguage":"en-US","potentialAction":[{"@type":"ReadAction","target":["https:\/\/janert.info\/kinder-mit-ass-in-kitas\/"]}]},{"@type":"BreadcrumbList","@id":"https:\/\/janert.info\/kinder-mit-ass-in-kitas\/#breadcrumb","itemListElement":[{"@type":"ListItem","position":1,"name":"Startseite","item":"https:\/\/janert.info\/"},{"@type":"ListItem","position":2,"name":"Kinder mit ASS in KiTas"}]},{"@type":"WebSite","@id":"https:\/\/janert.info\/#website","url":"https:\/\/janert.info\/","name":"Autistic children","description":"treat relationship-oriented","potentialAction":[{"@type":"SearchAction","target":{"@type":"EntryPoint","urlTemplate":"https:\/\/janert.info\/?s={search_term_string}"},"query-input":{"@type":"PropertyValueSpecification","valueRequired":true,"valueName":"search_term_string"}}],"inLanguage":"en-US"}]}},"_links":{"self":[{"href":"https:\/\/janert.info\/en\/wp-json\/wp\/v2\/pages\/9836","targetHints":{"allow":["GET"]}}],"collection":[{"href":"https:\/\/janert.info\/en\/wp-json\/wp\/v2\/pages"}],"about":[{"href":"https:\/\/janert.info\/en\/wp-json\/wp\/v2\/types\/page"}],"author":[{"embeddable":true,"href":"https:\/\/janert.info\/en\/wp-json\/wp\/v2\/users\/6"}],"replies":[{"embeddable":true,"href":"https:\/\/janert.info\/en\/wp-json\/wp\/v2\/comments?post=9836"}],"version-history":[{"count":3,"href":"https:\/\/janert.info\/en\/wp-json\/wp\/v2\/pages\/9836\/revisions"}],"predecessor-version":[{"id":9845,"href":"https:\/\/janert.info\/en\/wp-json\/wp\/v2\/pages\/9836\/revisions\/9845"}],"wp:attachment":[{"href":"https:\/\/janert.info\/en\/wp-json\/wp\/v2\/media?parent=9836"}],"curies":[{"name":"wp","href":"https:\/\/api.w.org\/{rel}","templated":true}]}}

<p>[et_pb_section fb_built=&#8220;1&#8243; _builder_version=&#8220;4.27.4&#8243; _module_preset=&#8220;default&#8220; global_colors_info=&#8220;{}&#8220;][et_pb_row _builder_version=&#8220;4.27.4&#8243; _module_preset=&#8220;default&#8220; global_colors_info=&#8220;{}&#8220;][et_pb_column type=&#8220;4_4&#8243; _builder_version=&#8220;4.27.4&#8243; _module_preset=&#8220;default&#8220; global_colors_info=&#8220;{}&#8220;][et_pb_text _builder_version=&#8220;4.27.4&#8243; _module_preset=&#8220;default&#8220; hover_enabled=&#8220;0&#8243; sticky_enabled=&#8220;0&#8243;]</p>
<h1><strong>Kinder mit ASS oder Autismusdiagnose im Offenen Konzept in KiTas</strong></h1>
<p><strong>Sibylle Janert im Interview mit Sabine Reiber</strong>, Inklusionsfachkraft/ Kita S-Plus, Stuttgart,<span> </span><strong>8.5.2025</strong><strong></strong></p>
<p>In diesem Interview (ca 45 Minuten) gibt Sibylle Janert Tipps und beschreibt, wie Mitarbeiter in Kitas und anderen Einrichtungen Kinder mit autistisch-ähnlichen Verhaltensweisen oder Autismusdiagnosen besser verstehen und in ihrer Entwicklung unterstützen können.   </p>
<p>[/et_pb_text][et_pb_code _builder_version=&#8220;4.27.4&#8243; _module_preset=&#8220;default&#8220; global_colors_info=&#8220;{}&#8220;]</p>
<div style="left: 0; width: 100%; height: 0; position: relative; padding-bottom: 56.338%;"><iframe src="https://player.vimeo.com/video/1082507684?app_id=122963" style="top: 0; left: 0; width: 100%; height: 100%; position: absolute; border: 0;" allowfullscreen scrolling="no" allow="encrypted-media *;"></iframe></div>
<p>[/et_pb_code][/et_pb_column][/et_pb_row][/et_pb_section]</p>
<span class="et_bloom_bottom_trigger"></span>

<p>Kinder mit ASS oder Autismusdiagnose im Offenen Konzept in KiTas Sibylle Janert im Interview mit Sabine Reiber, Inklusionsfachkraft/ Kita S-Plus, Stuttgart, 8.5.2025 In diesem Interview (ca 45 Minuten) gibt Sibylle Janert Tipps und beschreibt, wie Mitarbeiter in Kitas und anderen Einrichtungen Kinder mit autistisch-ähnlichen Verhaltensweisen oder Autismusdiagnosen besser verstehen und in ihrer Entwicklung unterstützen können.   </p>

<!-- This site is optimized with the Yoast SEO plugin v27.3 - https://yoast.com/product/yoast-seo-wordpress/ -->
<title>Kinder mit ASS in KiTas - Autistische Kinder</title>
<meta name="robots" content="index, follow, max-snippet:-1, max-image-preview:large, max-video-preview:-1" />
<link rel="canonical" href="https://janert.info/en/children-with-ace-in-daycare-centers/" />
<meta property="og:locale" content="en_US" />
<meta property="og:type" content="article" />
<meta property="og:title" content="Kinder mit ASS in KiTas - Autistische Kinder" />
<meta property="og:description" content="Kinder mit ASS oder Autismusdiagnose im Offenen Konzept in KiTas Sibylle Janert im Interview mit Sabine Reiber, Inklusionsfachkraft/ Kita S-Plus, Stuttgart, 8.5.2025 In diesem Interview (ca 45 Minuten) gibt Sibylle Janert Tipps und beschreibt, wie Mitarbeiter in Kitas und anderen Einrichtungen Kinder mit autistisch-ähnlichen Verhaltensweisen oder Autismusdiagnosen besser verstehen und in ihrer Entwicklung unterstützen können.   " />
<meta property="og:url" content="https://janert.info/en/children-with-ace-in-daycare-centers/" />
<meta property="og:site_name" content="Autistische Kinder" />
<meta property="article:modified_time" content="2025-07-10T07:04:27+00:00" />
<meta name="twitter:card" content="summary_large_image" />
<script type="application/ld+json" class="yoast-schema-graph">{"@context":"https:\/\/schema.org","@graph":[{"@type":"WebPage","@id":"https:\/\/janert.info\/kinder-mit-ass-in-kitas\/","url":"https:\/\/janert.info\/kinder-mit-ass-in-kitas\/","name":"Kinder mit ASS in KiTas - Autistische Kinder","isPartOf":{"@id":"https:\/\/janert.info\/#website"},"datePublished":"2025-07-09T09:55:23+00:00","dateModified":"2025-07-10T07:04:27+00:00","breadcrumb":{"@id":"https:\/\/janert.info\/kinder-mit-ass-in-kitas\/#breadcrumb"},"inLanguage":"en-US","potentialAction":[{"@type":"ReadAction","target":["https:\/\/janert.info\/kinder-mit-ass-in-kitas\/"]}]},{"@type":"BreadcrumbList","@id":"https:\/\/janert.info\/kinder-mit-ass-in-kitas\/#breadcrumb","itemListElement":[{"@type":"ListItem","position":1,"name":"Startseite","item":"https:\/\/janert.info\/"},{"@type":"ListItem","position":2,"name":"Kinder mit ASS in KiTas"}]},{"@type":"WebSite","@id":"https:\/\/janert.info\/#website","url":"https:\/\/janert.info\/","name":"Autistische Kinder","description":"beziehungs-orientiert behandeln","potentialAction":[{"@type":"SearchAction","target":{"@type":"EntryPoint","urlTemplate":"https:\/\/janert.info\/?s={search_term_string}"},"query-input":{"@type":"PropertyValueSpecification","valueRequired":true,"valueName":"search_term_string"}}],"inLanguage":"en-US"}]}</script>
<!-- / Yoast SEO plugin. -->

Kinder mit ASS oder Autismusdiagnose im Offenen Konzept in KiTas Sibylle Janert im Interview mit Sabine Reiber, Inklusionsfachkraft/ Kita S-Plus, Stuttgart, 8.5.2025 In diesem Interview (ca 45 Minuten) gibt Sibylle Janert Tipps und beschreibt, wie Mitarbeiter in Kitas und anderen Einrichtungen Kinder mit autistisch-ähnlichen Verhaltensweisen oder Autismusdiagnosen besser verstehen und in ihrer Entwicklung unterstützen können.
